66.
2
Calculate the greatest common divisor of 257 and 1409131.
257
Calculate the greatest common divisor of 49628 and 4484.
76
Calculate the highest common factor of 1133 and 6077.
103
Calculate the greatest common factor of 840 and 6840.
120
What is the greatest common factor of 806 and 12558?
26
Calculate the greatest common factor of 3 and 192972.
3
Calculate the greatest common factor of 1251649 and 7.
7
Calculate the greatest common divisor of 18 and 14106.
6
Calculate the highest common divisor of 1711193 and 511.
73
Calculate the greatest common divisor of 29246 and 112.
14
Calculate the highest common divisor of 20 and 11164.
4
Calculate the greatest common divisor of 3854 and 10246.
94
Calculate the highest common divisor of 8854 and 114.
38
Calculate the greatest common factor of 263 and 29.
1
Calculate the greatest common divisor of 87527 and 763.
109
Calculate the greatest common factor of 70 and 50372.
14
Calculate the highest common divisor of 6720 and 3486.
42
What is the greatest common factor of 1071 and 45?
9
Calculate the highest common divisor of 227360 and 760.
40
Calculate the highest common factor of 277 and 578099.
277
Calculate the highest common factor of 198 and 100242.
18
Calculate the greatest common factor of 1440 and 2806080.
480
Calculate the highest common factor of 1083 and 1089137.
361
Calculate the greatest common divisor of 1656 and 410412.
276
What is the highest common divisor of 560 and 14504?
56
What is the highest common divisor of 1054 and 133858?
1054
What is the highest common divisor of 8 and 224?
8
What is the greatest common factor of 849 and 809380?
283
What is the highest common factor of 77 and 8432578?
77
What is the highest common factor of 13 and 6786?
13
What is the highest common divisor of 5246 and 8174?
122
Calculate the greatest common divisor of 20197 and 579335.
1063
Calculate the highest common divisor of 3848 and 5148.
52
What is the highest common divisor of 89455 and 10?
5
Calculate the highest common factor of 12369 and 26733.
399
Calculate the highest common divisor of 8835 and 7099.
31
Calculate the highest common factor of 160523 and 319.
11
Calculate the highest common divisor of 1123773 and 105.
21
Calculate the highest common factor of 2064 and 621909.
129
What is the highest common factor of 414 and 468510?
138
What is the greatest common factor of 7303 and 218?
109
What is the highest common divisor of 291 and 5609704?
97
Calculate the greatest common factor of 38988 and 11988.
108
What is the greatest common factor of 64750 and 4800?
50
What is the greatest common divisor of 83496 and 2058?
294
What is the greatest common factor of 3217150 and 111?
37
Calculate the greatest common factor of 15708 and 7458.
66
Calculate the highest common divisor of 1015 and 38773.
203
Calculate the highest common divisor of 464 and 641944.
232
What is the highest common divisor of 2163288 and 552?
552
Calculate the greatest common factor of 114 and 3450552.
114
What is the highest common factor of 9999 and 192203?
1111
Calculate the highest common factor of 3260 and 3520.
20
What is the highest common factor of 56430 and 37202?
418
What is the highest common factor of 232 and 87248?
8
Calculate the highest common divisor of 448 and 57008.
112
Calculate the highest common divisor of 364016 and 16.
16
Calculate the greatest common divisor of 26061 and 483.
21
What is the highest common divisor of 22597 and 36385?
383
What is the greatest common divisor of 146775 and 300?
75
What is the greatest common divisor of 36 and 327252?
12
Calculate the highest common divisor of 113704 and 6058.
466
What is the highest common divisor of 75 and 36100?
25
Calculate the greatest common factor of 117 and 1008.
9
What is the greatest common factor of 182717 and 267?
89
What is the greatest common divisor of 13408 and 192?
32
What is the greatest common factor of 205 and 17056?
41
What is the highest common divisor of 33 and 7430313?
33
What is the highest common factor of 3071052 and 92?
92
Calculate the greatest common divisor of 4811 and 17493.
17
Calculate the greatest common divisor of 317196 and 22.
22
Calculate the greatest common divisor of 1449 and 138.
69
What is the greatest common factor of 140 and 448?
28
What is the greatest common factor of 26934 and 30?
6
Calculate the highest common factor of 22096724 and 1508.
1508
Calculate the highest common divisor of 164 and 61172.
164
Calculate the highest common factor of 108 and 82593.
27
Calculate the highest common divisor of 804398 and 42.
14
What is the highest common divisor of 17187 and 221?
17
Calculate the greatest common divisor of 1150 and 18975.
575
What is the greatest common factor of 73 and 227?
1
Calculate the highest common factor of 205 and 10580.
5
Calculate the highest common divisor of 4494 and 4578.
42
Calculate the highest common factor of 110 and 10274.
22
Calculate the greatest common divisor of 33210 and 240.
30
What is the highest common divisor of 477 and 6523611?
159
What is the greatest common divisor of 32 and 168896?
32
What is the highest common divisor of 309 and 801?
3
Calculate the highest common factor of 147 and 11721.
3
What is the greatest common divisor of 161965 and 435?
145
What is the greatest common factor of 968 and 3656?
8
What is the highest common divisor of 3570 and 5530?
70
Calculate the greatest common divisor of 22581 and 2895.
579
What is the highest common factor of 642480 and 10?
10
Calculate the highest common factor of 20880 and 3708.
36
What is the highest common divisor of 153891 and 63?
9
Calculate the highest common factor of 189 and 5882625.
189
Calculate the greatest common factor of 847 and 15400.
77
What is the highest common divisor of 46134 and 990?
198
Calculate the highest common divisor of 10 and 1641130.
10
What is the greatest common divisor of 425 and 1325?
25
What is the greatest common factor of 648 and 61209?
27
Calculate the highest common divisor of 72 and 31168.
8
Calculate the highest common factor of 28628 and 20.
4
What is the greatest common divisor of 11235 and 945?
105
What is the highest common divisor of 30369 and 9381?
159
What is the highest common factor of 22154 and 231?
11
What is the highest common factor of 12355 and 26915?
35
Calculate the highest common factor of 462 and 12738.
66
Calculate the highest common divisor of 4169 and 22.
11
Calculate the highest common divisor of 2354 and 1584.
22
Calculate the greatest common divisor of 117788 and 121.
11
What is the highest common divisor of 1010 and 1029695?
505
What is the greatest common divisor of 309554 and 14?
14
What is the greatest common divisor of 46740 and 73340?
380
What is the greatest common divisor of 788 and 38?
2
What is the greatest common divisor of 3 and 1764?
3
Calculate the greatest common factor of 20580 and 103194.
294
What is the highest common divisor of 119239 and 301?
43
What is the greatest common divisor of 127 and 10089642?
127
Calculate the highest common divisor of 269456 and 154.
22
What is the highest common factor of 246124 and 444?
148
Calculate the greatest common divisor of 2805 and 15015.
165
Calculate the highest common factor of 94029 and 39.
39
Calculate the highest common divisor of 72672 and 96.
96
What is the greatest common factor of 32649 and 87?
3
What is the greatest common divisor of 126 and 173271?
21
Calculate the greatest common factor of 61853 and 44.
11
What is the greatest common divisor of 59 and 101657?
59
What is the greatest common factor of 181202 and 42?
14
What is the greatest common factor of 26532 and 3168?
396
What is the highest common factor of 39501 and 19?
19
Calculate the highest common factor of 1431 and 7.
1
Calculate the greatest common factor of 575 and 3625.
25
What is the highest common divisor of 252 and 70164?
36
What is the greatest common divisor of 1211259 and 21?
21
What is the highest common divisor of 238 and 167382?
34
What is the highest common divisor of 512 and 2536?
8
Calculate the greatest common factor of 7902 and 18877.
439
What is the highest common divisor of 375 and 81225?
75
Calculate the greatest common divisor of 80 and 917856.
16
Calculate the highest common factor of 506 and 388982.
22
Calculate the